highest common divisor of 23326848 and 144?
144
Calculate the highest common factor of 550 and 3284650.
50
Calculate the highest common factor of 1388517 and 611.
13
Calculate the highest common divisor of 1712 and 559088.
16
Calculate the highest common divisor of 1064646402 and 317.
317
Calculate the highest common divisor of 894720 and 220.
20
What is the highest common divisor of 765224192 and 38487?
12829
Calculate the highest common divisor of 4488 and 175040.
8
Calculate the highest common divisor of 345748 and 258766.
218
What is the greatest common divisor of 3441 and 238939599?
3441
What is the highest common factor of 825 and 489150?
75
Calculate the greatest common factor of 5 and 457857045.
5
Calculate the greatest common divisor of 440576 and 48992.
32
What is the greatest common divisor of 218181187 and 6972?
581
What is the greatest common factor of 606551 and 22847?
737
Calculate the greatest common factor of 30657122 and 1090.
218
What is the highest common divisor of 662 and 1391193?
331
What is the highest common factor of 1596 and 238371?
21
Calculate the highest common divisor of 221975 and 5629.
13
What is the highest common divisor of 57779112 and 156?
12
Calculate the greatest common factor of 179758612 and 748.
748
Calculate the greatest common divisor of 4779482 and 1156.
578
What is the greatest common divisor of 210 and 116795805?
105
Calculate the greatest common factor of 55500 and 4644.
12
What is the highest common factor of 455085 and 37935?
135
What is the greatest common factor of 394 and 68332799?
197
What is the greatest common factor of 4114 and 10492757?
2057
Calculate the greatest common divisor of 1299797 and 1775.
71
What is the highest common factor of 392390 and 1450?
10
What is the greatest common factor of 517 and 17427036?
517
Calculate the greatest common factor of 25012272 and 312.
24
What is the highest common factor of 11124158 and 22078?
3154
What is the greatest common divisor of 12396672 and 16416?
864
Calculate the highest common factor of 12230680 and 1234772.
5852
Calculate the greatest common factor of 335535 and 270.
15
Calculate the highest common divisor of 761440 and 3520.
160
Calculate the greatest common divisor of 1252 and 1839117262.
626
What is the greatest common factor of 11196 and 246463146?
5598
Calculate the highest common divisor of 35860092 and 24.
12
Calculate the greatest common factor of 29647 and 236923.
23
Calculate the highest common factor of 35611224 and 1892.
1892
What is the greatest common divisor of 14799980 and 2340?
260
Calculate the highest common factor of 11272901 and 11303.
127
What is the greatest common factor of 10639602 and 54?
18
What is the greatest common divisor of 1299283899 and 59295?
11859
Calculate the greatest common factor of 14065593 and 126597.
6663
Calculate the greatest common divisor of 139118 and 3458.
266
Calculate the highest common divisor of 11860 and 180492596.
2372
What is the greatest common divisor of 1669 and 236418857?
1669
What is the greatest common divisor of 16362 and 282042?
162
What is the greatest common divisor of 1285634 and 78862?
1834
Calculate the highest common factor of 12019 and 133117495.
707
Calculate the greatest common factor of 494364 and 21264.
12
What is the highest common divisor of 8395 and 4308935?
115
What is the greatest common divisor of 7173 and 196901241?
2391
What is the greatest common factor of 357140 and 54628?
28
What is the greatest common factor of 60593 and 32096?
59
Calculate the greatest common divisor of 302 and 3754318.
2
What is the greatest common divisor of 115959624 and 3212?
3212
Calculate the highest common divisor of 5807 and 1576536623.
5807
Calculate the greatest common divisor of 1629899374 and 311.
311
What is the highest common divisor of 9956 and 1186113038?
4978
What is the highest common factor of 528411572 and 208?
52
Calculate the greatest common factor of 278032193 and 3567.
1189
Calculate the highest common factor of 90 and 12787265.
5
Calculate the greatest common factor of 273 and 3274453.
91
Calculate the highest common factor of 32 and 1337148352.
32
What is the highest common factor of 396410 and 520?
10
What is the greatest common factor of 520 and 17828005?
65
What is the greatest common divisor of 155971380 and 684?
228
What is the highest common divisor of 416 and 4536246?
26
What is the highest common divisor of 111301399 and 4323?
1441
Calculate the highest common factor of 8772350 and 21100.
50
What is the greatest common divisor of 302070 and 8070?
30
What is the highest common divisor of 982610048 and 224?
224
Calculate the greatest common divisor of 189147 and 43722.
21
What is the highest common factor of 2428 and 1814126332?
2428
Calculate the highest common factor of 528 and 55697928.
264
What is the greatest common factor of 364 and 412489714?
182
What is the highest common factor of 329781 and 465?
3
Calculate the highest common divisor of 66614919 and 4627.
4627
Calculate the greatest common factor of 14177031 and 110.
11
Calculate the greatest common divisor of 5110 and 78240232.
1022
What is the highest common factor of 8530728 and 366?
366
What is the highest common factor of 5894 and 309736?
14
What is the greatest common factor of 73786920 and 696?
24
What is the greatest common factor of 6791607 and 9?
9
What is the greatest common factor of 8256 and 78528?
192
What is the greatest common divisor of 95 and 839145393?
19
What is the highest common divisor of 122306 and 874?
2
What is the highest common factor of 108 and 599796468?
108
Calculate the greatest common divisor of 4860 and 10236132.
972
Calculate the highest common factor of 32186 and 126751394.
2926
What is the greatest common divisor of 51662702 and 182?
182
Calculate the greatest common divisor of 1393698 and 59.
59
What is the greatest common divisor of 336 and 928641?
21
What is the greatest common divisor of 17306 and 94015354?
1018
What is the highest common divisor of 592908015 and 1767?
1767
What is the highest common divisor of 606507759 and 13923?
1989
Calculate the greatest common divisor of 1813174 and 1356267.
803
Calculate the greatest common factor of 90 and 112036770.
90
Calculate the greatest common factor of 1519 and 54935937.
217
Calculate the greatest common factor of 568 and 315180644.
284
What is the highest common divisor of 59 and 4003209?
59
Calculate the greatest common factor of 6075 and 7517025.
225
What is the greatest common divisor of 9258678 and 528?
66
Calculate the highest common divisor of 68 and 35682524.
68
What is the highest common divisor of 462344 and 1784?
8
What is the highest common factor of 579 and 170922151?
193
What is the greatest common factor of 4250653 and 583?
583
Calculate the highest common factor of 10384 and 495411200.
944
What is the greatest common divisor of 95465 and 104615?
305
Calculate the highest common factor of 2295 and 11984895.
135
What is the greatest common divisor of 1354 and 176434324?
1354
What is the highest common divisor of 500 and 114628?
4
Calculate the highest common factor of 538097 and 616.
7
Calculate the highest common factor of 137606482 and 156.
26
What is the greatest common divisor of 17212 and 359124077?
4303
What is the greatest common divisor of 1013 and 436246424?
1013
Calculate the greatest common divisor of 166940534 and 172.
86
What is the highest common factor of 130550 and 2240?
70
What is the greatest common factor of 1732104 and 31185?
891
What is the greatest common divisor of 34204 and 1954658?
1006
What is the highest common divisor of 1207 and 5037166?
71
Calculate the greatest common factor of 1309850 and 364550.
1150
What is the highest common factor of 74 and 74083657?
37
Calculate the greatest common divisor of 719529 and 39.
3
Calculate the greatest common factor of 231106135 and 13325.
2665
What is the greatest common factor of 30345 and 26603895?
4335
What is the highest common divisor of 92 and 566651?
23
Calculate the highest common factor of 6286042 and 2198.
14
What is the highest common factor of 5952969 and 24335?
157
What is the highest common factor of 16704 and 252648?
2088
Calculate the highest common divisor of 33012708 and 7872.
492
Calculate the high